 + 4*i - 32 = 0, -3*y = -4*i - 3 - 0. Let k = -45 - -19. Let d = k - -71. What is the greatest common factor of d and y?
5
Suppose -3*y - 5*s + 7 = 0, y - 3*y = -5*s - 13. Let u be (-1 - 0)*(0 - -61). Let c = 105 + u. What is the highest common factor of y and c?
4
Let t be ((-128)/80)/(1/(-5)). Calculate the greatest common factor of 24 and t.
8
Let j = 47 + -24. Let z = j + -5. Suppose -2*c = -5*a + 8, 2*a + 2*a = 4*c - 8. What is the highest common divisor of c and z?
6
Let p = 65 + -37. Suppose -x + p = 5*q + 6, -4*x + 5*q = 12. Suppose -x*s = 2*o - 230, -7 = -2*o + 3. Calculate the highest common factor of 44 and s.
22
Let d be 61/(-9) + (-12)/54. Let l(p) = -p**2 - 7*p + 7. Let c be l(d). Calculate the greatest common divisor of c and 77.
7
Suppose 2*p + b - 2 - 5 = 0, -2*p = 5*b - 19. Suppose 3*g - p*g = 24. Calculate the greatest common factor of g and 168.
24
Suppose 3*o - 30 = -0*o. Suppose z - 94 = -2*x, 0 = -2*z + 3*z + 4*x - 90. Let j = -28 + z. Calculate the greatest common divisor of o and j.
10
Suppose 1 = -2*p + 69. Calculate the highest common divisor of 306 and p.
34
Let g(k) = k**2 - 7*k + 4. Let f be g(7). Suppose f*v + 380 = 2*z, -4*z + 318 = -4*v - 454. What is the greatest common factor of z and 28?
28
Suppose 5*w + 3 = -17. Let n be w/(-16) - (-11)/4. Suppose -2*p - x + 20 = 0, -2*p = -n*x + 4 - 8. Calculate the highest common divisor of 12 and p.
4
Suppose 0 = 5*y - 27 + 12. What is the highest common divisor of y and 2?
1
Suppose -4 = -4*w + 28. Let a be w + -3 + 4/2. Let f = -10 - -17. Calculate the greatest common factor of a and f.
7
Let m be 3*(12/(-9))/(-4). Let c be 38 + (2/1)/m. What is the highest common factor of c and 60?
20
Let s be ((-1)/(-3))/((-3)/(-27)). Suppose 5*n - 4*b = 14, -4*n + 3*b + 7 + 4 = 0. Let l = n + s. Calculate the greatest common divisor of l and 5.
5
Let g(l) = l**2 + l - 4. Let z be g(-4). Calculate the greatest common divisor of 56 and z.
8
Let v = 12 + -5. Let g = -14 + 35. What is the greatest common factor of v and g?
7
Let l be 3*(-8)/6 + 1. Let s be 12*2*l/(-9). Calculate the greatest common divisor of 40 and s.
8
Let i(a) = -a**2 - 8*a + 14. Let t be i(-8). Calculate the greatest common factor of 112 and t.
14
Let l be 2 + 5 + 0/(-6). Let b be (-6)/(-2 - 1) - -12. What is the highest common divisor of l and b?
7
Let j(y) = y**2 - y - 2. Let w be j(5). Suppose 4*a - 5*z + 12 = 0, -4*a - 2*z + w = a. What is the highest common factor of a and 5?
1
Let f be (-40)/(-8)*(2 - 1). Calculate the greatest common divisor of 45 and f.
5
Suppose 15 - 6 = 3*v. Suppose v*p - 3 = 3. Calculate the highest common divisor of p and 10.
2
Let r(n) = -7*n**3 + 3*n**2 + 2*n + 3. Let a be r(-2). Let x = 131 - a. Suppose 4*z = 0, x = 4*l - z - z. What is the highest common factor of 32 and l?
16
Suppose 3*p - 4*p = -19. Suppose -w - 4*a = -103, 5*w - 2*a = -7*a + 485. What is the greatest common factor of w and p?
19
Let o(c) = -3*c - 6. Let a(n) = -2*n - 7. Let b(y) = 4*a(y) - 5*o(y). Let m be b(6). Let g be (-6)/(3*(-2)/m). What is the greatest common factor of 11 and g?
11
Let t = -5 + 5. Suppose 7*y - 2*y - 210 = t. What is the highest common divisor of 6 and y?
6
Suppose 16*q - 12*q - 27 = o, q - 15 = 3*o. What is the greatest common factor of q and 48?
6
Let u be (-10)/15*3/2. Let i be 8 - -4 - (3 + u). Calculate the highest common divisor of 10 and i.
10
Let m(l) = 3*l - 12. Let j be m(12). What is the greatest common factor of 36 and j?
12
Let f = -38 + -15. Let m = f - -20. Let k = m + 53. What is the highest common divisor of 40 and k?
20
Let m be 8 - (3 - 0/2). Suppose 0 = -m*k + k + 32. What is the highest common divisor of 24 and k?
8
Suppose -5*g = -3*k + 4*k - 540, -5*k + 108 = g. Calculate the greatest common divisor of 12 and g.
12
Let m(c) be the first derivative of -21*c**2/2 + 4. Let q be m(-6). Calculate the greatest common divisor of q and 18.
18
Let t = 52 + 4. What is the highest common factor of 7 and t?
7
Let z(h) = -h**3 + 2*h**2 - 1. Let r be z(-2). Suppose -r = -3*a + 153. Suppose 3*l - 155 = -a. Calculate the highest common divisor of 22 and l.
11
Let g be (-884)/(-16) - 2/8. Calculate the greatest common factor of g and 5.
5
Let j(w) = -12*w - 10. Let d be j(-3). Let p be d*((-6)/4)/(-3). Calculate the highest common factor of 13 and p.
13
Let w(b) = -65*b. Let m be w(-1). Let t = 32 + -19. Calculate the highest common factor of m and t.
13
Let x = -24 - -28. What is the highest common divisor of 40 and x?
4
Let h(g) = -3*g - 11. Let l be h(-12). What is the highest common divisor of l and 5?
5
Let m(a) = a**3 + 2*a + 1. Let z be m(2). Let o = 21 + -8. Calculate the greatest common factor of z and o.
13
Let a = -8 - -12. Suppose -16 = -a*h - 0*h. Suppose h*j = -f - f + 36, -f = -2*j + 26. What is the greatest common factor of j and 55?
11
Let h be 30/20*100/6. Calculate the greatest common divisor of h and 50.
25
Let x = 36 + -16. Calculate the highest common factor of 4 and x.
4
Let x(b) = 10*b**2 + 6 + 3*b + 8*b - b**2 - 10*b**2. Let g be x(10). What is the greatest common divisor of 8 and g?
8
Suppose -k - 2*u = -12, 5*u + 7 = 4*k + 24. Let l be (1 + 11)*5/k. Let t = 78 + -33. What is the greatest common factor of l and t?
15
Let l(u) = -12*u - 71. Let p be l(-7). Calculate the greatest common divisor of p and 208.
13
Let u be 8/2 - -3*22. What is the highest common divisor of 10 and u?
10
Let a be (-322)/(-5) + 1/5*-2. What is the greatest common factor of a and 160?
32
Let j = -22 - -99. Let p(g) = g + 9. Let i be p(-6). Suppose 2*n = 2*a - 14, -2*a - 19 = -i*a - 2*n. What is the greatest common factor of a and j?
11
Suppose 0 = r - 0 + 29. Let y be (1/(-2))/((-2)/196). Let a = y + r. What is the greatest common divisor of a and 40?
20
Let z(c) = -3*c**2 + 5*c + 10. Let d be z(7). Let o = -66 - d. Suppose -l = 2*t + l - 22, 4*l = 4*t - o. What is the highest common divisor of 2 and t?
2
Suppose -2*x = 5*q - 58, 3*q = x - 3*x + 54. Let w be 0 + 3*(1 + 0). Suppose 0 = w*u - 60 - 48. Calculate the highest common divisor of u and x.
12
Let k(a) = -a**2 - 3*a + 1. Let h be k(-3). Suppose 3*r + 2 = 4*r. Suppose 5*t - 4*i = -r*i + 55, t = -3*i + 11. Calculate the highest common factor of t and h.
1
Suppose -y = -0*s + 3*s, -3*y - 5*s = -16. What is the greatest common factor of 3 and y?
3
Let n be 7 + 2/(4/(-6)). Suppose -n*b + 0*b + 256 = 0. Calculate the highest common divisor of b and 8.
8
Let z(j) = -70*j - 2. Let s be z(-2). Suppose 2*q - 260 = -2*i, 0*q = -q + 3*i + s. Calculate the greatest common factor of 12 and q.
12
Let p = 93 - 57. What is the highest common divisor of 12 and p?
12
Let x(p) = -2*p - 12. Let y be x(-11). What is the greatest common factor of y and 2?
2
Let l(x) = 5*x**3 - 4*x**2 + 2*x. Let c be l(3). What is the greatest common factor of c and 21?
21
Let n = -334 - -474. Let k(s) = s**3 - s + 20. Let j be k(0). What is the greatest common divisor of j and n?
20
Let h(b) = 2*b - 7. Let n be h(7). Suppose 3*q - 4*q = 3. Let d(a) = 7*a**2. Let i be d(q). Calculate the highest common divisor of n and i.
7
Let t = 36 + 4. Suppose i - 3*k - 51 = 0, 0 = -2*i + 2*k + 130 - t. Calculate the highest common factor of i and 28.
14
Suppose 0 = -x + 6*x - 35. Let c = -2 - -3. Calculate the greatest common factor of c and x.
1
Let g = -18 - -26. Let a be -8*(4 + -3)*-2. What is the highest common factor of g and a?
8
Let j(f) be the third derivative of f**6/120 + 3*f**5/20 + 7*f**4/24 - 2*f**3/3 - f**2. Let l be j(-8). What is the highest common factor of 12 and l?
4
Let u = 6 + -2. Suppose 270 = u*g - 82. Let d = 9 - -2. What is the highest common divisor of g and d?
11
Suppose 21 = v + 3*c, -5*c + 23 = v - c. Let u(y) = y**2 + 3*y + 11. Let l be u(-4). Calculate the greatest common divisor of l and v.
15
Let v(c) = -c**2 - c - 1. Let b(k) = 16*k**2 + 4*k + 12. Let g(d) = b(d) + 8*v(d). Let j = 5 - 2. Let x be g(j). What is the greatest common factor of 16 and x?
16
Let r = -34 - -162. Calculate the greatest common factor of r and 16.
16
Suppose -36 = -h - 2*h. Let i be h/(((-8)/(-4))/1). Suppose 5*n = a + 19, 4*a - 2 = -5*n + 47. What is the greatest common divisor of a and i?
6
Let y be (-4)/(-3 + -1)*2. Suppose 2*s - 14 = -4*l, -1 = y*l - 3. Calculate